y 1/((-23)/g + -2).
9
Suppose 5*i = x - 103, x = 5*x - 3*i - 463. Let q = -79 + x. What is the remainder when q is divided by 21?
18
Suppose 8*v - 66 = 2*v. What is the remainder when 53 is divided by v?
9
Suppose -z = 44 + 15. Let l = z - -91. What is the remainder when 94 is divided by l?
30
Let u = 17 + -6. Let h = -8 + u. Suppose -b - 24 = -5*y, -h*y = 3*b - 2 - 16. What is the remainder when y is divided by 3?
2
Let j be (1 + (-6)/10)*-15. Let c be 7/(1*(-3)/j). Suppose -3*f = -f - c. What is the remainder when f is divided by 4?
3
Let m be (-3)/(-6)*2 + -11. Calculate the remainder when (-8)/m*(-6 + 66) is divided by 25.
23
Let i = -60 + 65. What is the remainder when 9 is divided by i?
4
Suppose 2*a - a - 20 = 0. Calculate the remainder when ((-1)/2)/(3/468*-2) is divided by a.
19
Let f(u) = -3*u + 3*u + u - 2 + 7. Let i be f(-6). What is the remainder when 22 is divided by (-3 - i)*(-2 + -2)?
6
Let q = 48 - -64. Suppose -q = -7*m + 3*m + j, m - 43 = 4*j. Calculate the remainder when m is divided by 14.
13
Suppose 6 = h - 3*a, 0*a = -4*h - 3*a + 24. Let d be 82/h + (-4)/6. Suppose -3*t + 67 = d. What is the remainder when 53 is divided by t?
17
Let r(c) = -c + 1. Suppose -5*m - l - 14 = 0, 5*m + 13 = -4*l - 13. Let p = 11 - 6. Calculate the remainder when p is divided by r(m).
2
Let c(a) = -14*a - 48. What is the remainder when c(-6) is divided by 7?
1
Suppose 2*a + 9 = 3*a. Let x = -29 + 64. What is the remainder when x is divided by a?
8
Let a(s) = -8*s**2 - 8*s + 4. Let z(u) = 7*u**2 + 7*u - 4. Let j(f) = 4*a(f) + 5*z(f). Calculate the remainder when j(-5) is divided by 19.
18
What is the remainder when 71 is divided by ((-2)/(-5))/((-1)/(-45))?
17
What is the remainder when 2/(2/76*-4)*-5 is divided by 25?
20
Let b be -2 + (-2)/(-1 + 2). Let i(l) = 2*l. Let w be i(b). Calculate the remainder when (-1)/2 - 228/w is divided by 10.
8
Let v(n) = -n**3 - 20*n**2 - 23*n - 29. Calculate the remainder when v(-19) is divided by 13.
8
What is the remainder when (27/(-6))/(5/(-30)) is divided by 10?
7
Suppose 0 = 3*n - 15. Let h(t) = -10*t. Let i be h(-3). Suppose -4*c = -2*f - i, -2*f + 6 = 4. Calculate the remainder when c is divided by n.
3
Let n = -114 + 171. Let a = 19 + -4. Calculate the remainder when n is divided by a.
12
Suppose 0 = p - 13. What is the remainder when 35 is divided by p?
9
Suppose -3*a = 16*a - 2698. Calculate the remainder when a is divided by 29.
26
Let i = -14 + 20. What is the remainder when 31 is divided by (-147)/(-9) + (-2)/i?
15
Let c(u) = -u**3 - 4*u**2 - 5. Let d be c(-5). Suppose -2*k - 2*n + d = -3*n, 3*n + 50 = 5*k. Calculate the remainder when 18 is divided by k.
8
Let q(x) = -x**2 - 24*x - 6. What is the remainder when 397 is divided by q(-21)?
55
Let a = 49 - 28. What is the remainder when 62 is divided by a?
20
Suppose j + 5 = 2*j. Let q(i) = -i + 8. Suppose 3*r = 7*r. Calculate the remainder when q(r) is divided by j.
3
Let f(l) = 2*l**3 - 2*l**2 + 2*l. What is the remainder when (-1)/5 + (4 - 624/(-20)) is divided by f(2)?
11
What is the remainder when 291*(4/3 + -1) is divided by 11?
9
Calculate the remainder when 48 is divided by ((-3)/(-2))/(16/32).
0
Let k be (2 - -3) + 0/2. Suppose 7 = k*g - 3. What is the remainder when 4/8 + (-3)/(-2) is divided by g?
0
Let d(v) = -124*v**3 + v + 1. Calculate the remainder when d(-1) is divided by 18.
16
Let q = -25 - -81. Suppose 4 + 0 = t. Calculate the remainder when q is divided by (38/(-6))/(t/(-12)).
18
Let n(r) = r**2 + 2. Let k be n(2). Suppose 0 = -k*u + u + 120. Let l = -10 + u. What is the remainder when 41 is divided by l?
13
Suppose -z - 4*c + 5*c + 26 = 0, 5*z - 4*c - 133 = 0. Calculate the remainder when z is divided by 16.
13
Suppose -8*v = 3*v - 1441. Calculate the remainder when v is divided by 33.
32
Suppose 0*o = -f - 4*o + 41, 3*f - 2*o - 81 = 0. What is the remainder when (-13)/(-26)*(-228)/(-2) is divided by f?
28
Let q = -21 - -37. Let m = -20 - -34. Let a = 33 + m. Calculate the remainder when a is divided by q.
15
Suppose 6 = -3*g, -2*p + 4*g = 2*p - 128. Calculate the remainder when 46 is divided by p/9*(-72)/(-15).
14
Let f be -1 + -1 + (2 - 46). Let d = f + 78. Suppose 2*p + j = -p + d, 3*p - 2*j - 44 = 0. Calculate the remainder when p is divided by 7.
5
Let d = -2 + 44. Calculate the remainder when 165 is divided by d.
39
Suppose 183 = 3*k - 3*b - 0*b, -69 = -k - 3*b. Let q = 1 - -15. What is the remainder when k is divided by q?
15
Let q = -168 - -198. What is the remainder when 59 is divided by q?
29
Let x be (2 - -3) + (1 - 2). Suppose 0*c - x*t - 14 = -c, 0 = 3*c - 2*t + 8. Let y = c - -8. Calculate the remainder when 4 is divided by y.
0
Let g = -1 - -2. Calculate the remainder when 52 is divided by 1/g + 17/1.
16
Let f(p) = -p + 5. Let b be 2/3 + 374/6. Suppose b + 5 = 4*z. What is the remainder when z is divided by f(-4)?
8
Calculate the remainder when 54 is divided by 19*(0 + 3 + -2).
16
Let w = 62 + -31. What is the remainder when 123 is divided by w?
30
Let z(m) = -m**2 + 11*m - 7. Let x be (-2)/7 - (-102)/14. Let u = -36 + 98. Calculate the remainder when u is divided by z(x).
20
Let x(v) = -v**2 + 11*v + 6. Suppose 2*y - 1 = -13. Let r be (-4)/(-5)*(-45)/y. What is the remainder when x(r) is divided by 19?
17
Suppose -1 = -3*y - 130. Let g = y + 68. Calculate the remainder when 72 is divided by g.
22
Let y(q) = q**3 + 9*q**2 + 7*q - 3. Calculate the remainder when 17 is divided by y(-8).
2
What is the remainder when (-19)/(-1) + 0/(-5) is divided by (27/(-3) + 2)*-1?
5
Let c(x) = -4*x - 2. Let f(w) = w + 4. Let m be f(-11). What is the remainder when 51 is divided by c(m)?
25
What is the remainder when 40 is divided by 14/(-2*4/(-8))?
12
Let p = -5 + 14. Let s = -9 - -26. What is the remainder when s is divided by p?
8
Let k(r) = -r**3 - 5*r**2 + 4*r + 5. Let w = 78 + -13. What is the remainder when w is divided by k(-6)?
14
Let c(y) = -2*y - 2. Let f be c(2). Let l = f - -8. What is the remainder when 4 is divided by l?
0
Suppose -4*y = 2*i + 3*i + 30, 3*i + 5*y = -31. Suppose 2*o + 5*z - 3 = 22, o + 3*z = 14. What is the remainder when 13 + -2 + i/(-1) is divided by o?
3
Let c(l) = -l**3 - 3*l**2 + l - 1. Suppose -2*x - 6 = 2*f, -21 = 4*x - 6*f + f. Let o be c(x). Suppose i - o = 7. What is the remainder when i is divided by 10?
8
Suppose 0 = -j - 4*m + 45, 2*m = j + m - 45. What is the remainder when j is divided by 16?
13
Suppose 95 = -5*f + 345. Suppose -2*y = -0*y - f. Calculate the remainder when y is divided by 9.
7
Suppose -a + 8 = -93. What is the remainder when a is divided by 52?
49
Let t = -60 - -98. What is the remainder when t is divided by 13?
12
Suppose 31 = 5*y - 24. Suppose -1 = 2*d - y. Calculate the remainder when 13 is divided by d.
3
Let v = 11 - -16. Let d(n) = n**3 - 7*n**2 + 2*n - 4. Let s be d(7). What is the remainder when v is divided by (-1 + -13)/(s/(-5))?
6
Let p(q) = 2*q**2 + 16*q + 7. What is the remainder when 99 is divided by p(-9)?
24
Let n be 1/(-4) + 357/(-12). Let d = 47 - n. Calculate the remainder when d is divided by 26.
25
Let f = 4 + -3. Let v = 0 + 6. Suppose h - v*h + 10 = 0. What is the remainder when h is divided by f?
0
Let h(a) = a - 3. Let u be h(-3). Let z(y) = y**2 + 3*y - 12. What is the remainder when 13 is divided by z(u)?
1
Let p = 24 + -5. What is the remainder when 36 is divided by p?
17
Suppose -4*v = -2*f - f, 2*f = 3*v. Suppose -4*q = -f*q - 308. What is the remainder when q is divided by 20?
17
Suppose 0 = -3*c + 6 - 3. Let o = 4 - c. Suppose -28 = -5*a - 5*l - o, a - 6 = -2*l. What is the remainder when a is divided by 3?
1
Let n(j) = 50*j**2 + 1. Calculate the remainder when n(1) is divided by 27.
24
Suppose 65 = 14*h - 9*h. What is the remainder when 45 is divided by h?
6
Suppose 2*v - 73 + 47 = 0. Calculate the remainder when 90 is divided by v.
12
Let c(z) = -z**2 - 8*z - 5. Calculate the remainder when 18 is divided by c(-6).
4
Let f(u) = u + 11. Calculate the remainder when f(-3) is divided by 3.
2
Suppose 0 = -5*r - 3*g + 10, 1 = 2*r + 4*g - 3. Suppose r*c = -3*c + 100. What is the remainder when 77 is divided by c?
17
Let d = -13 - -23. Calculate the remainder when 26 is divided by d + (-3 - -2 - 0).
8
Let m(h) = h**3 - 3*h**2 + 4*h. Let f b